{"id":839,"date":"2021-06-07T09:46:12","date_gmt":"2021-06-07T09:46:12","guid":{"rendered":"https:\/\/bpm.rettenmund.com\/?page_id=839"},"modified":"2024-02-28T12:21:59","modified_gmt":"2024-02-28T12:21:59","slug":"tarifs","status":"publish","type":"page","link":"https:\/\/www.praxis-fuer-mediation.ch\/fr\/tarifs\/","title":{"rendered":"tarifs"},"content":{"rendered":"<p>[vc_row][vc_column][vc_column_text]<\/p>\n<h1>Tarifs<\/h1>\n<p>[\/vc_column_text][\/vc_column][vc_column][vc_column_text]<\/p>\n<h2>Tarif ordinaire<\/h2>\n<p>[\/vc_column_text][vc_column_text]Les honoraires par heure se montent \u00e0 CHF 270.&#8211; par heure et m\u00e9diateur ou m\u00e9diatrice, en co-m\u00e9diation donc CHF 540.&#8211; et pour une m\u00e9diation individuelle CHF 270.&#8211;.<\/p>\n<p>A cela s\u2019ajoute la TVA de 8,1% sur les honoraires de la m\u00e9diatrice ou du m\u00e9diateur juriste.<\/p>\n<p>Pour l\u2019\u00e9laboration de documents \u00e9crits (notamment de conventions) le tarif de m\u00e9diation individuelle + la TVA de 8,1% est factur\u00e9.[\/vc_column_text][\/vc_column][\/vc_row][vc_row][vc_column][vc_column_text]<\/p>\n<h2>Tarif sp\u00e9cial pour les m\u00e9diations dans le domaine du droit de la famille<\/h2>\n<p>[\/vc_column_text][\/vc_column][\/vc_row][vc_row el_class=\u00a0\u00bbtarifzeile\u00a0\u00bb][vc_column width=\u00a0\u00bb1\/2&Prime;][vc_column_text]<strong>Forfait pour la premi\u00e8re s\u00e9ance :<\/strong><br \/>\n(co-m\u00e9diation deux sp\u00e9cialistes)[\/vc_column_text][\/vc_column][vc_column width=\u00a0\u00bb1\/2&Prime;][vc_column_text]<\/p>\n<p style=\"text-align: left;\">tarif unique pour 1 \u00bd heures CHF 440.00<\/p>\n<p>[\/vc_column_text][\/vc_column][\/vc_row][vc_row el_class=\u00a0\u00bbtarifzeile\u00a0\u00bb][vc_column width=\u00a0\u00bb1\/2&Prime;][vc_column_text]<strong>S\u00e9ances suivantes :<\/strong>[\/vc_column_text][\/vc_column][vc_column width=\u00a0\u00bb1\/2&Prime;][vc_column_text][\/vc_column_text][\/vc_column][\/vc_row][vc_row el_class=\u00a0\u00bbtarifzeile\u00a0\u00bb][vc_column width=\u00a0\u00bb1\/2&Prime;][vc_column_text]<\/p>\n<p style=\"text-align: left;\"><span style=\"color: #005086 !important; font-weight: bold !important;\">Revenu cumul\u00e9 des parties<\/span><\/p>\n<p>[\/vc_column_text][\/vc_column][vc_column width=\u00a0\u00bb1\/2&Prime;][vc_column_text]<\/p>\n<p style=\"text-align: left;\"><span style=\"color: #005086 !important; font-weight: bold !important;\">par heure<\/span><\/p>\n<p>[\/vc_column_text][\/vc_column][\/vc_row][vc_row el_class=\u00a0\u00bbtarifzeile\u00a0\u00bb][vc_column width=\u00a0\u00bb1\/2&Prime;][vc_column_text]jusqu\u2019\u00e0 CHF 7\u2018000.-[\/vc_column_text][\/vc_column][vc_column width=\u00a0\u00bb1\/2&Prime;][vc_column_text]CHF 220.00 m\u00e9diation individuelle<br \/>\nCHF 330.00 en co-m\u00e9diation[\/vc_column_text][\/vc_column][\/vc_row][vc_row el_class=\u00a0\u00bbtarifzeile\u00a0\u00bb][vc_column width=\u00a0\u00bb1\/2&Prime;][vc_column_text]CHF\u00a07\u2018000.- \u00e0 CHF 9\u2018000.-[\/vc_column_text][\/vc_column][vc_column width=\u00a0\u00bb1\/2&Prime;][vc_column_text]CHF 240.00 m\u00e9diation individuelle<br \/>\nCHF 360.00 en co-m\u00e9diation[\/vc_column_text][\/vc_column][\/vc_row][vc_row el_class=\u00a0\u00bbtarifzeile\u00a0\u00bb][vc_column width=\u00a0\u00bb1\/2&Prime;][vc_column_text]CHF 9\u2018000.- \u00e0 CHF 11\u2018000.-[\/vc_column_text][\/vc_column][vc_column width=\u00a0\u00bb1\/2&Prime;][vc_column_text]CHF 260.00 m\u00e9diation individuelle<br \/>\nCHF 390.00 en co-m\u00e9diation[\/vc_column_text][\/vc_column][\/vc_row][vc_row el_class=\u00a0\u00bbtarifzeile\u00a0\u00bb][vc_column width=\u00a0\u00bb1\/2&Prime;][vc_column_text]d\u00e8s CHF 11\u2018000.-[\/vc_column_text][\/vc_column][vc_column width=\u00a0\u00bb1\/2&Prime;][vc_column_text]CHF 270.00 m\u00e9diation individuelle<br \/>\nCHF 405.00 en co-m\u00e9diation[\/vc_column_text][\/vc_column][\/vc_row][vc_row][vc_column][vc_empty_space height=\u00a0\u00bb60px\u00a0\u00bb][vc_column_text]Pour tous les tarifs, la TVA de 8,1% est ajout\u00e9e \u00e0 la moiti\u00e9 des honoraires, respectivement aux honoraires de la m\u00e9diatrice ou du m\u00e9diateur juriste.<\/p>\n<p>Pour l\u2019\u00e9laboration de documents \u00e9crits (notamment de conventions) le tarif de m\u00e9diation individuelle + la TVA de 8,1% est factur\u00e9.[\/vc_column_text][vc_row_inner][vc_column_inner][vc_btn title=\u00a0\u00bbListe des tarifs (PDF)\u00a0\u00bb link=\u00a0\u00bburl:https%3A%2F%2Fwww.praxis-fuer-mediation.ch%2Fwp-content%2Fuploads%2FTarife-Mediation-mit-Briefkopf_franz.pdf|target:_blank\u00a0\u00bb][\/vc_column_inner][\/vc_row_inner][\/vc_column][\/vc_row][vc_row][vc_column][vc_empty_space height=\u00a0\u00bb100px\u00a0\u00bb][\/vc_column][\/vc_row]<\/p>\n","protected":false},"excerpt":{"rendered":"<p>[vc_row][vc_column][vc_column_text] Tarifs [\/vc_column_text][\/vc_column][vc_column][vc_column_text] Tarif ordinaire [\/vc_column_text][vc_column_text]Les honoraires par heure se montent \u00e0 CHF 270.&#8211; par heure et m\u00e9diateur ou m\u00e9diatrice, en co-m\u00e9diation donc CHF 540.&#8211; et pour une m\u00e9diation individuelle CHF 270.&#8211;. A cela s\u2019ajoute la TVA de 8,1% sur les honoraires de la m\u00e9diatrice ou du m\u00e9diateur juriste. Pour l\u2019\u00e9laboration de documents \u00e9crits (notamment [&hellip;]<\/p>\n","protected":false},"author":1,"featured_media":0,"parent":0,"menu_order":0,"comment_status":"closed","ping_status":"closed","template":"","meta":{"_acf_changed":false,"footnotes":""},"acf":[],"yoast_head":"<!-- This site is optimized with the Yoast SEO plugin v23.9 - https:\/\/yoast.com\/wordpress\/plugins\/seo\/ -->\n<title>tarifs - Centre biennois de m\u00e9diation - Biel\/Bienne<\/title>\n<meta name=\"robots\" content=\"index, follow, max-snippet:-1, max-image-preview:large, max-video-preview:-1\" \/>\n<link rel=\"canonical\" href=\"https:\/\/www.praxis-fuer-mediation.ch\/fr\/tarifs\/\" \/>\n<meta property=\"og:locale\" content=\"fr_FR\" \/>\n<meta property=\"og:type\" content=\"article\" \/>\n<meta property=\"og:title\" content=\"tarifs - Centre biennois de m\u00e9diation - Biel\/Bienne\" \/>\n<meta property=\"og:description\" content=\"[vc_row][vc_column][vc_column_text] Tarifs [\/vc_column_text][\/vc_column][vc_column][vc_column_text] Tarif ordinaire [\/vc_column_text][vc_column_text]Les honoraires par heure se montent \u00e0 CHF 270.&#8211; par heure et m\u00e9diateur ou m\u00e9diatrice, en co-m\u00e9diation donc CHF 540.&#8211; et pour une m\u00e9diation individuelle CHF 270.&#8211;. A cela s\u2019ajoute la TVA de 8,1% sur les honoraires de la m\u00e9diatrice ou du m\u00e9diateur juriste. Pour l\u2019\u00e9laboration de documents \u00e9crits (notamment [&hellip;]\" \/>\n<meta property=\"og:url\" content=\"https:\/\/www.praxis-fuer-mediation.ch\/fr\/tarifs\/\" \/>\n<meta property=\"og:site_name\" content=\"Bieler Praxis f\u00fcr Mediation\" \/>\n<meta property=\"article:modified_time\" content=\"2024-02-28T12:21:59+00:00\" \/>\n<meta name=\"twitter:card\" content=\"summary_large_image\" \/>\n<meta name=\"twitter:label1\" content=\"Dur\u00e9e de lecture estim\u00e9e\" \/>\n\t<meta name=\"twitter:data1\" content=\"2 minutes\" \/>\n<script type=\"application\/ld+json\" class=\"yoast-schema-graph\">{\"@context\":\"https:\/\/schema.org\",\"@graph\":[{\"@type\":\"WebPage\",\"@id\":\"https:\/\/www.praxis-fuer-mediation.ch\/fr\/tarifs\/\",\"url\":\"https:\/\/www.praxis-fuer-mediation.ch\/fr\/tarifs\/\",\"name\":\"tarifs - Centre biennois de m\u00e9diation - Biel\/Bienne\",\"isPartOf\":{\"@id\":\"https:\/\/www.praxis-fuer-mediation.ch\/fr\/#website\"},\"datePublished\":\"2021-06-07T09:46:12+00:00\",\"dateModified\":\"2024-02-28T12:21:59+00:00\",\"breadcrumb\":{\"@id\":\"https:\/\/www.praxis-fuer-mediation.ch\/fr\/tarifs\/#breadcrumb\"},\"inLanguage\":\"fr-FR\",\"potentialAction\":[{\"@type\":\"ReadAction\",\"target\":[\"https:\/\/www.praxis-fuer-mediation.ch\/fr\/tarifs\/\"]}]},{\"@type\":\"BreadcrumbList\",\"@id\":\"https:\/\/www.praxis-fuer-mediation.ch\/fr\/tarifs\/#breadcrumb\",\"itemListElement\":[{\"@type\":\"ListItem\",\"position\":1,\"name\":\"Startseite\",\"item\":\"https:\/\/www.praxis-fuer-mediation.ch\/fr\/\"},{\"@type\":\"ListItem\",\"position\":2,\"name\":\"tarifs\"}]},{\"@type\":\"WebSite\",\"@id\":\"https:\/\/www.praxis-fuer-mediation.ch\/fr\/#website\",\"url\":\"https:\/\/www.praxis-fuer-mediation.ch\/fr\/\",\"name\":\"Bieler Praxis f\u00fcr Mediation\",\"description\":\"\",\"potentialAction\":[{\"@type\":\"SearchAction\",\"target\":{\"@type\":\"EntryPoint\",\"urlTemplate\":\"https:\/\/www.praxis-fuer-mediation.ch\/fr\/?s={search_term_string}\"},\"query-input\":{\"@type\":\"PropertyValueSpecification\",\"valueRequired\":true,\"valueName\":\"search_term_string\"}}],\"inLanguage\":\"fr-FR\"}]}<\/script>\n<!-- \/ Yoast SEO plugin. -->","yoast_head_json":{"title":"tarifs - Centre biennois de m\u00e9diation - Biel\/Bienne","robots":{"index":"index","follow":"follow","max-snippet":"max-snippet:-1","max-image-preview":"max-image-preview:large","max-video-preview":"max-video-preview:-1"},"canonical":"https:\/\/www.praxis-fuer-mediation.ch\/fr\/tarifs\/","og_locale":"fr_FR","og_type":"article","og_title":"tarifs - Centre biennois de m\u00e9diation - Biel\/Bienne","og_description":"[vc_row][vc_column][vc_column_text] Tarifs [\/vc_column_text][\/vc_column][vc_column][vc_column_text] Tarif ordinaire [\/vc_column_text][vc_column_text]Les honoraires par heure se montent \u00e0 CHF 270.&#8211; par heure et m\u00e9diateur ou m\u00e9diatrice, en co-m\u00e9diation donc CHF 540.&#8211; et pour une m\u00e9diation individuelle CHF 270.&#8211;. A cela s\u2019ajoute la TVA de 8,1% sur les honoraires de la m\u00e9diatrice ou du m\u00e9diateur juriste. Pour l\u2019\u00e9laboration de documents \u00e9crits (notamment [&hellip;]","og_url":"https:\/\/www.praxis-fuer-mediation.ch\/fr\/tarifs\/","og_site_name":"Bieler Praxis f\u00fcr Mediation","article_modified_time":"2024-02-28T12:21:59+00:00","twitter_card":"summary_large_image","twitter_misc":{"Dur\u00e9e de lecture estim\u00e9e":"2 minutes"},"schema":{"@context":"https:\/\/schema.org","@graph":[{"@type":"WebPage","@id":"https:\/\/www.praxis-fuer-mediation.ch\/fr\/tarifs\/","url":"https:\/\/www.praxis-fuer-mediation.ch\/fr\/tarifs\/","name":"tarifs - Centre biennois de m\u00e9diation - Biel\/Bienne","isPartOf":{"@id":"https:\/\/www.praxis-fuer-mediation.ch\/fr\/#website"},"datePublished":"2021-06-07T09:46:12+00:00","dateModified":"2024-02-28T12:21:59+00:00","breadcrumb":{"@id":"https:\/\/www.praxis-fuer-mediation.ch\/fr\/tarifs\/#breadcrumb"},"inLanguage":"fr-FR","potentialAction":[{"@type":"ReadAction","target":["https:\/\/www.praxis-fuer-mediation.ch\/fr\/tarifs\/"]}]},{"@type":"BreadcrumbList","@id":"https:\/\/www.praxis-fuer-mediation.ch\/fr\/tarifs\/#breadcrumb","itemListElement":[{"@type":"ListItem","position":1,"name":"Startseite","item":"https:\/\/www.praxis-fuer-mediation.ch\/fr\/"},{"@type":"ListItem","position":2,"name":"tarifs"}]},{"@type":"WebSite","@id":"https:\/\/www.praxis-fuer-mediation.ch\/fr\/#website","url":"https:\/\/www.praxis-fuer-mediation.ch\/fr\/","name":"Bieler Praxis f\u00fcr Mediation","description":"","potentialAction":[{"@type":"SearchAction","target":{"@type":"EntryPoint","urlTemplate":"https:\/\/www.praxis-fuer-mediation.ch\/fr\/?s={search_term_string}"},"query-input":{"@type":"PropertyValueSpecification","valueRequired":true,"valueName":"search_term_string"}}],"inLanguage":"fr-FR"}]}},"_links":{"self":[{"href":"https:\/\/www.praxis-fuer-mediation.ch\/fr\/wp-json\/wp\/v2\/pages\/839"}],"collection":[{"href":"https:\/\/www.praxis-fuer-mediation.ch\/fr\/wp-json\/wp\/v2\/pages"}],"about":[{"href":"https:\/\/www.praxis-fuer-mediation.ch\/fr\/wp-json\/wp\/v2\/types\/page"}],"author":[{"embeddable":true,"href":"https:\/\/www.praxis-fuer-mediation.ch\/fr\/wp-json\/wp\/v2\/users\/1"}],"replies":[{"embeddable":true,"href":"https:\/\/www.praxis-fuer-mediation.ch\/fr\/wp-json\/wp\/v2\/comments?post=839"}],"version-history":[{"count":16,"href":"https:\/\/www.praxis-fuer-mediation.ch\/fr\/wp-json\/wp\/v2\/pages\/839\/revisions"}],"predecessor-version":[{"id":1243,"href":"https:\/\/www.praxis-fuer-mediation.ch\/fr\/wp-json\/wp\/v2\/pages\/839\/revisions\/1243"}],"wp:attachment":[{"href":"https:\/\/www.praxis-fuer-mediation.ch\/fr\/wp-json\/wp\/v2\/media?parent=839"}],"curies":[{"name":"wp","href":"https:\/\/api.w.org\/{rel}","templated":true}]}}

<p>[vc_row][vc_column][vc_column_text]</p>
<h1>Tarifs</h1>
<p>[/vc_column_text][/vc_column][vc_column][vc_column_text]</p>
<h2>Tarif ordinaire</h2>
<p>[/vc_column_text][vc_column_text]Les honoraires par heure se montent à CHF 270.&#8211; par heure et médiateur ou médiatrice, en co-médiation donc CHF 540.&#8211; et pour une médiation individuelle CHF 270.&#8211;.</p>
<p>A cela s’ajoute la TVA de 8,1% sur les honoraires de la médiatrice ou du médiateur juriste.</p>
<p>Pour l’élaboration de documents écrits (notamment de conventions) le tarif de médiation individuelle + la TVA de 8,1% est facturé.[/vc_column_text][/vc_column][/vc_row][vc_row][vc_column][vc_column_text]</p>
<h2>Tarif spécial pour les médiations dans le domaine du droit de la famille</h2>
<p>[/vc_column_text][/vc_column][/vc_row][vc_row el_class= »tarifzeile »][vc_column width= »1/2&Prime;][vc_column_text]<strong>Forfait pour la première séance :</strong><br />
(co-médiation deux spécialistes)[/vc_column_text][/vc_column][vc_column width= »1/2&Prime;][vc_column_text]</p>
<p style="text-align: left;">tarif unique pour 1 ½ heures CHF 440.00</p>
<p>[/vc_column_text][/vc_column][/vc_row][vc_row el_class= »tarifzeile »][vc_column width= »1/2&Prime;][vc_column_text]<strong>Séances suivantes :</strong>[/vc_column_text][/vc_column][vc_column width= »1/2&Prime;][vc_column_text][/vc_column_text][/vc_column][/vc_row][vc_row el_class= »tarifzeile »][vc_column width= »1/2&Prime;][vc_column_text]</p>
<p style="text-align: left;"><span style="color: #005086 !important; font-weight: bold !important;">Revenu cumulé des parties</span></p>
<p>[/vc_column_text][/vc_column][vc_column width= »1/2&Prime;][vc_column_text]</p>
<p style="text-align: left;"><span style="color: #005086 !important; font-weight: bold !important;">par heure</span></p>
<p>[/vc_column_text][/vc_column][/vc_row][vc_row el_class= »tarifzeile »][vc_column width= »1/2&Prime;][vc_column_text]jusqu’à CHF 7‘000.-[/vc_column_text][/vc_column][vc_column width= »1/2&Prime;][vc_column_text]CHF 220.00 médiation individuelle<br />
CHF 330.00 en co-médiation[/vc_column_text][/vc_column][/vc_row][vc_row el_class= »tarifzeile »][vc_column width= »1/2&Prime;][vc_column_text]CHF 7‘000.- à CHF 9‘000.-[/vc_column_text][/vc_column][vc_column width= »1/2&Prime;][vc_column_text]CHF 240.00 médiation individuelle<br />
CHF 360.00 en co-médiation[/vc_column_text][/vc_column][/vc_row][vc_row el_class= »tarifzeile »][vc_column width= »1/2&Prime;][vc_column_text]CHF 9‘000.- à CHF 11‘000.-[/vc_column_text][/vc_column][vc_column width= »1/2&Prime;][vc_column_text]CHF 260.00 médiation individuelle<br />
CHF 390.00 en co-médiation[/vc_column_text][/vc_column][/vc_row][vc_row el_class= »tarifzeile »][vc_column width= »1/2&Prime;][vc_column_text]dès CHF 11‘000.-[/vc_column_text][/vc_column][vc_column width= »1/2&Prime;][vc_column_text]CHF 270.00 médiation individuelle<br />
CHF 405.00 en co-médiation[/vc_column_text][/vc_column][/vc_row][vc_row][vc_column][vc_empty_space height= »60px »][vc_column_text]Pour tous les tarifs, la TVA de 8,1% est ajoutée à la moitié des honoraires, respectivement aux honoraires de la médiatrice ou du médiateur juriste.</p>
<p>Pour l’élaboration de documents écrits (notamment de conventions) le tarif de médiation individuelle + la TVA de 8,1% est facturé.[/vc_column_text][vc_row_inner][vc_column_inner][vc_btn title= »Liste des tarifs (PDF) » link= »url:https%3A%2F%2Fwww.praxis-fuer-mediation.ch%2Fwp-content%2Fuploads%2FTarife-Mediation-mit-Briefkopf_franz.pdf|target:_blank »][/vc_column_inner][/vc_row_inner][/vc_column][/vc_row][vc_row][vc_column][vc_empty_space height= »100px »][/vc_column][/vc_row]</p>

<p>[vc_row][vc_column][vc_column_text] Tarifs [/vc_column_text][/vc_column][vc_column][vc_column_text] Tarif ordinaire [/vc_column_text][vc_column_text]Les honoraires par heure se montent à CHF 270.&#8211; par heure et médiateur ou médiatrice, en co-médiation donc CHF 540.&#8211; et pour une médiation individuelle CHF 270.&#8211;. A cela s’ajoute la TVA de 8,1% sur les honoraires de la médiatrice ou du médiateur juriste. Pour l’élaboration de documents écrits (notamment [&hellip;]</p>

<!-- This site is optimized with the Yoast SEO plugin v23.9 - https://yoast.com/wordpress/plugins/seo/ -->
<title>tarifs - Centre biennois de médiation - Biel/Bienne</title>
<meta name="robots" content="index, follow, max-snippet:-1, max-image-preview:large, max-video-preview:-1" />
<link rel="canonical" href="https://www.praxis-fuer-mediation.ch/fr/tarifs/" />
<meta property="og:locale" content="fr_FR" />
<meta property="og:type" content="article" />
<meta property="og:title" content="tarifs - Centre biennois de médiation - Biel/Bienne" />
<meta property="og:description" content="[vc_row][vc_column][vc_column_text] Tarifs [/vc_column_text][/vc_column][vc_column][vc_column_text] Tarif ordinaire [/vc_column_text][vc_column_text]Les honoraires par heure se montent à CHF 270.&#8211; par heure et médiateur ou médiatrice, en co-médiation donc CHF 540.&#8211; et pour une médiation individuelle CHF 270.&#8211;. A cela s’ajoute la TVA de 8,1% sur les honoraires de la médiatrice ou du médiateur juriste. Pour l’élaboration de documents écrits (notamment [&hellip;]" />
<meta property="og:url" content="https://www.praxis-fuer-mediation.ch/fr/tarifs/" />
<meta property="og:site_name" content="Bieler Praxis für Mediation" />
<meta property="article:modified_time" content="2024-02-28T12:21:59+00:00" />
<meta name="twitter:card" content="summary_large_image" />
<meta name="twitter:label1" content="Durée de lecture estimée" />
	<meta name="twitter:data1" content="2 minutes" />
<script type="application/ld+json" class="yoast-schema-graph">{"@context":"https://schema.org","@graph":[{"@type":"WebPage","@id":"https://www.praxis-fuer-mediation.ch/fr/tarifs/","url":"https://www.praxis-fuer-mediation.ch/fr/tarifs/","name":"tarifs - Centre biennois de médiation - Biel/Bienne","isPartOf":{"@id":"https://www.praxis-fuer-mediation.ch/fr/#website"},"datePublished":"2021-06-07T09:46:12+00:00","dateModified":"2024-02-28T12:21:59+00:00","breadcrumb":{"@id":"https://www.praxis-fuer-mediation.ch/fr/tarifs/#breadcrumb"},"inLanguage":"fr-FR","potentialAction":[{"@type":"ReadAction","target":["https://www.praxis-fuer-mediation.ch/fr/tarifs/"]}]},{"@type":"BreadcrumbList","@id":"https://www.praxis-fuer-mediation.ch/fr/tarifs/#breadcrumb","itemListElement":[{"@type":"ListItem","position":1,"name":"Startseite","item":"https://www.praxis-fuer-mediation.ch/fr/"},{"@type":"ListItem","position":2,"name":"tarifs"}]},{"@type":"WebSite","@id":"https://www.praxis-fuer-mediation.ch/fr/#website","url":"https://www.praxis-fuer-mediation.ch/fr/","name":"Bieler Praxis für Mediation","description":"","potentialAction":[{"@type":"SearchAction","target":{"@type":"EntryPoint","urlTemplate":"https://www.praxis-fuer-mediation.ch/fr/?s={search_term_string}"},"query-input":{"@type":"PropertyValueSpecification","valueRequired":true,"valueName":"search_term_string"}}],"inLanguage":"fr-FR"}]}</script>
<!-- / Yoast SEO plugin. -->

tarifs - Centre biennois de médiation - Biel/Bienne

[vc_row][vc_column][vc_column_text] Tarifs [/vc_column_text][/vc_column][vc_column][vc_column_text] Tarif ordinaire [/vc_column_text][vc_column_text]Les honoraires par heure se montent à CHF 270.&#8211; par heure et médiateur ou médiatrice, en co-médiation donc CHF 540.&#8211; et pour une médiation individuelle CHF 270.&#8211;. A cela s’ajoute la TVA de 8,1% sur les honoraires de la médiatrice ou du médiateur juriste. Pour l’élaboration de documents écrits (notamment [&hellip;]

Bieler Praxis für Mediation
