{"id":852,"date":"2021-06-07T09:48:48","date_gmt":"2021-06-07T09:48:48","guid":{"rendered":"https:\/\/bpm.rettenmund.com\/?page_id=852"},"modified":"2021-07-16T10:04:33","modified_gmt":"2021-07-16T10:04:33","slug":"comment-fonctionne-la-mediation","status":"publish","type":"page","link":"https:\/\/www.praxis-fuer-mediation.ch\/fr\/mediation\/comment-fonctionne-la-mediation\/","title":{"rendered":"Comment fonctionne la m\u00e9diation ?"},"content":{"rendered":"<p>[vc_row][vc_column][vc_column_text]<\/p>\n<h1>Comment fonctionne la m\u00e9diation ?<\/h1>\n<p>[\/vc_column_text][vc_column_text]La d\u00e9marche de la m\u00e9diation permet de passer d\u2019une situation de conflit non r\u00e9solu \u00e0 une solution commune en passant par diff\u00e9rentes \u00e9tapes :[\/vc_column_text][\/vc_column][\/vc_row][vc_row][vc_column width=\u00a0\u00bb1\/2&Prime;][vc_single_image image=\u00a0\u00bb510&Prime; img_size=\u00a0\u00bbfull\u00a0\u00bb el_class=\u00a0\u00bbcomicmediatimg\u00a0\u00bb][\/vc_column][vc_column width=\u00a0\u00bb1\/2&Prime;][vc_column_text]<\/p>\n<h3>Mise au point des conditions cadres<\/h3>\n<p>Informations concernant les r\u00e8gles de la m\u00e9diation.<br \/>\nLes parties sont-elles d\u2019accord avec ce proc\u00e9d\u00e9 ?<br \/>\nInformation concernant les frais de la m\u00e9diation.<br \/>\nContrat de m\u00e9diation entre les parties concern\u00e9es et l\u2019\u00e9quipe de m\u00e9diation.[\/vc_column_text][\/vc_column][\/vc_row][vc_row][vc_column width=\u00a0\u00bb1\/2&Prime;][vc_single_image image=\u00a0\u00bb511&Prime; img_size=\u00a0\u00bbfull\u00a0\u00bb el_class=\u00a0\u00bbcomicmediatimg\u00a0\u00bb][\/vc_column][vc_column width=\u00a0\u00bb1\/2&Prime;][vc_column_text]<\/p>\n<h3>Th\u00e8mes<\/h3>\n<p>R\u00e9colte des th\u00e8mes de conflit qu\u2019il convient de traiter.[\/vc_column_text][vc_column_text]<\/p>\n<h3>D\u00e9termination des besoins<\/h3>\n<p>Faire ressortir les besoins et les int\u00e9r\u00eats des parties.<br \/>\nLes parties sont-elles en mesure de comprendre les besoins et les motivations de l\u2019autre partie ?[\/vc_column_text][\/vc_column][\/vc_row][vc_row][vc_column width=\u00a0\u00bb1\/2&Prime;][vc_single_image image=\u00a0\u00bb512&Prime; img_size=\u00a0\u00bbfull\u00a0\u00bb el_class=\u00a0\u00bbcomicmediatimg\u00a0\u00bb][\/vc_column][vc_column width=\u00a0\u00bb1\/2&Prime;][vc_column_text]<\/p>\n<h3>\u00c9bauches de solution<\/h3>\n<p>Les id\u00e9es pour une solution possible sont formul\u00e9es. Options ?<br \/>\n\u00c9bauches de solution cr\u00e9atives ?[\/vc_column_text][vc_column_text]<\/p>\n<h3>N\u00e9gociation et contr\u00f4le<\/h3>\n<p>N\u00e9gociation de solutions provisoires. Contr\u00f4le de faisabilit\u00e9.<br \/>\nLes solutions sont-elles adapt\u00e9es de fa\u00e7on correcte aux besoins et aux int\u00e9r\u00eats des parties ?[\/vc_column_text][\/vc_column][\/vc_row][vc_row][vc_column width=\u00a0\u00bb1\/2&Prime;][vc_single_image image=\u00a0\u00bb513&Prime; img_size=\u00a0\u00bbfull\u00a0\u00bb el_class=\u00a0\u00bbcomicmediatimg\u00a0\u00bb][\/vc_column][vc_column width=\u00a0\u00bb1\/2&Prime;][vc_column_text]<\/p>\n<h3>Convention<\/h3>\n<p>Formulation d\u2019une convention contraignante.[\/vc_column_text][\/vc_column][\/vc_row][vc_row][vc_column][vc_empty_space height=\u00a0\u00bb100px\u00a0\u00bb][\/vc_column][\/vc_row]<\/p>\n","protected":false},"excerpt":{"rendered":"<p>[vc_row][vc_column][vc_column_text] Comment fonctionne la m\u00e9diation ? [\/vc_column_text][vc_column_text]La d\u00e9marche de la m\u00e9diation permet de passer d\u2019une situation de conflit non r\u00e9solu \u00e0 une solution commune en passant par diff\u00e9rentes \u00e9tapes :[\/vc_column_text][\/vc_column][\/vc_row][vc_row][vc_column width=\u00a0\u00bb1\/2&Prime;][vc_single_image image=\u00a0\u00bb510&Prime; img_size=\u00a0\u00bbfull\u00a0\u00bb el_class=\u00a0\u00bbcomicmediatimg\u00a0\u00bb][\/vc_column][vc_column width=\u00a0\u00bb1\/2&Prime;][vc_column_text] Mise au point des conditions cadres Informations concernant les r\u00e8gles de la m\u00e9diation. Les parties sont-elles d\u2019accord avec ce proc\u00e9d\u00e9 [&hellip;]<\/p>\n","protected":false},"author":1,"featured_media":0,"parent":834,"menu_order":0,"comment_status":"closed","ping_status":"closed","template":"","meta":{"_acf_changed":false,"footnotes":""},"acf":[],"yoast_head":"<!-- This site is optimized with the Yoast SEO plugin v23.9 - https:\/\/yoast.com\/wordpress\/plugins\/seo\/ -->\n<title>Comment fonctionne la m\u00e9diation ? - Centre biennois de m\u00e9diation - Biel\/Bienne<\/title>\n<meta name=\"robots\" content=\"index, follow, max-snippet:-1, max-image-preview:large, max-video-preview:-1\" \/>\n<link rel=\"canonical\" href=\"https:\/\/www.praxis-fuer-mediation.ch\/fr\/mediation\/comment-fonctionne-la-mediation\/\" \/>\n<meta property=\"og:locale\" content=\"fr_FR\" \/>\n<meta property=\"og:type\" content=\"article\" \/>\n<meta property=\"og:title\" content=\"Comment fonctionne la m\u00e9diation ? - Centre biennois de m\u00e9diation - Biel\/Bienne\" \/>\n<meta property=\"og:description\" content=\"[vc_row][vc_column][vc_column_text] Comment fonctionne la m\u00e9diation ? [\/vc_column_text][vc_column_text]La d\u00e9marche de la m\u00e9diation permet de passer d\u2019une situation de conflit non r\u00e9solu \u00e0 une solution commune en passant par diff\u00e9rentes \u00e9tapes :[\/vc_column_text][\/vc_column][\/vc_row][vc_row][vc_column width=\u00a0\u00bb1\/2&Prime;][vc_single_image image=\u00a0\u00bb510&Prime; img_size=\u00a0\u00bbfull\u00a0\u00bb el_class=\u00a0\u00bbcomicmediatimg\u00a0\u00bb][\/vc_column][vc_column width=\u00a0\u00bb1\/2&Prime;][vc_column_text] Mise au point des conditions cadres Informations concernant les r\u00e8gles de la m\u00e9diation. Les parties sont-elles d\u2019accord avec ce proc\u00e9d\u00e9 [&hellip;]\" \/>\n<meta property=\"og:url\" content=\"https:\/\/www.praxis-fuer-mediation.ch\/fr\/mediation\/comment-fonctionne-la-mediation\/\" \/>\n<meta property=\"og:site_name\" content=\"Bieler Praxis f\u00fcr Mediation\" \/>\n<meta property=\"article:modified_time\" content=\"2021-07-16T10:04:33+00:00\" \/>\n<meta name=\"twitter:card\" content=\"summary_large_image\" \/>\n<meta name=\"twitter:label1\" content=\"Dur\u00e9e de lecture estim\u00e9e\" \/>\n\t<meta name=\"twitter:data1\" content=\"1 minute\" \/>\n<script type=\"application\/ld+json\" class=\"yoast-schema-graph\">{\"@context\":\"https:\/\/schema.org\",\"@graph\":[{\"@type\":\"WebPage\",\"@id\":\"https:\/\/www.praxis-fuer-mediation.ch\/fr\/mediation\/comment-fonctionne-la-mediation\/\",\"url\":\"https:\/\/www.praxis-fuer-mediation.ch\/fr\/mediation\/comment-fonctionne-la-mediation\/\",\"name\":\"Comment fonctionne la m\u00e9diation ? - Centre biennois de m\u00e9diation - Biel\/Bienne\",\"isPartOf\":{\"@id\":\"https:\/\/www.praxis-fuer-mediation.ch\/fr\/#website\"},\"datePublished\":\"2021-06-07T09:48:48+00:00\",\"dateModified\":\"2021-07-16T10:04:33+00:00\",\"breadcrumb\":{\"@id\":\"https:\/\/www.praxis-fuer-mediation.ch\/fr\/mediation\/comment-fonctionne-la-mediation\/#breadcrumb\"},\"inLanguage\":\"fr-FR\",\"potentialAction\":[{\"@type\":\"ReadAction\",\"target\":[\"https:\/\/www.praxis-fuer-mediation.ch\/fr\/mediation\/comment-fonctionne-la-mediation\/\"]}]},{\"@type\":\"BreadcrumbList\",\"@id\":\"https:\/\/www.praxis-fuer-mediation.ch\/fr\/mediation\/comment-fonctionne-la-mediation\/#breadcrumb\",\"itemListElement\":[{\"@type\":\"ListItem\",\"position\":1,\"name\":\"Startseite\",\"item\":\"https:\/\/www.praxis-fuer-mediation.ch\/fr\/\"},{\"@type\":\"ListItem\",\"position\":2,\"name\":\"Mediation\",\"item\":\"https:\/\/www.praxis-fuer-mediation.ch\/fr\/mediation\/\"},{\"@type\":\"ListItem\",\"position\":3,\"name\":\"Comment fonctionne la m\u00e9diation ?\"}]},{\"@type\":\"WebSite\",\"@id\":\"https:\/\/www.praxis-fuer-mediation.ch\/fr\/#website\",\"url\":\"https:\/\/www.praxis-fuer-mediation.ch\/fr\/\",\"name\":\"Bieler Praxis f\u00fcr Mediation\",\"description\":\"\",\"potentialAction\":[{\"@type\":\"SearchAction\",\"target\":{\"@type\":\"EntryPoint\",\"urlTemplate\":\"https:\/\/www.praxis-fuer-mediation.ch\/fr\/?s={search_term_string}\"},\"query-input\":{\"@type\":\"PropertyValueSpecification\",\"valueRequired\":true,\"valueName\":\"search_term_string\"}}],\"inLanguage\":\"fr-FR\"}]}<\/script>\n<!-- \/ Yoast SEO plugin. -->","yoast_head_json":{"title":"Comment fonctionne la m\u00e9diation ? - Centre biennois de m\u00e9diation - Biel\/Bienne","robots":{"index":"index","follow":"follow","max-snippet":"max-snippet:-1","max-image-preview":"max-image-preview:large","max-video-preview":"max-video-preview:-1"},"canonical":"https:\/\/www.praxis-fuer-mediation.ch\/fr\/mediation\/comment-fonctionne-la-mediation\/","og_locale":"fr_FR","og_type":"article","og_title":"Comment fonctionne la m\u00e9diation ? - Centre biennois de m\u00e9diation - Biel\/Bienne","og_description":"[vc_row][vc_column][vc_column_text] Comment fonctionne la m\u00e9diation ? [\/vc_column_text][vc_column_text]La d\u00e9marche de la m\u00e9diation permet de passer d\u2019une situation de conflit non r\u00e9solu \u00e0 une solution commune en passant par diff\u00e9rentes \u00e9tapes :[\/vc_column_text][\/vc_column][\/vc_row][vc_row][vc_column width=\u00a0\u00bb1\/2&Prime;][vc_single_image image=\u00a0\u00bb510&Prime; img_size=\u00a0\u00bbfull\u00a0\u00bb el_class=\u00a0\u00bbcomicmediatimg\u00a0\u00bb][\/vc_column][vc_column width=\u00a0\u00bb1\/2&Prime;][vc_column_text] Mise au point des conditions cadres Informations concernant les r\u00e8gles de la m\u00e9diation. Les parties sont-elles d\u2019accord avec ce proc\u00e9d\u00e9 [&hellip;]","og_url":"https:\/\/www.praxis-fuer-mediation.ch\/fr\/mediation\/comment-fonctionne-la-mediation\/","og_site_name":"Bieler Praxis f\u00fcr Mediation","article_modified_time":"2021-07-16T10:04:33+00:00","twitter_card":"summary_large_image","twitter_misc":{"Dur\u00e9e de lecture estim\u00e9e":"1 minute"},"schema":{"@context":"https:\/\/schema.org","@graph":[{"@type":"WebPage","@id":"https:\/\/www.praxis-fuer-mediation.ch\/fr\/mediation\/comment-fonctionne-la-mediation\/","url":"https:\/\/www.praxis-fuer-mediation.ch\/fr\/mediation\/comment-fonctionne-la-mediation\/","name":"Comment fonctionne la m\u00e9diation ? - Centre biennois de m\u00e9diation - Biel\/Bienne","isPartOf":{"@id":"https:\/\/www.praxis-fuer-mediation.ch\/fr\/#website"},"datePublished":"2021-06-07T09:48:48+00:00","dateModified":"2021-07-16T10:04:33+00:00","breadcrumb":{"@id":"https:\/\/www.praxis-fuer-mediation.ch\/fr\/mediation\/comment-fonctionne-la-mediation\/#breadcrumb"},"inLanguage":"fr-FR","potentialAction":[{"@type":"ReadAction","target":["https:\/\/www.praxis-fuer-mediation.ch\/fr\/mediation\/comment-fonctionne-la-mediation\/"]}]},{"@type":"BreadcrumbList","@id":"https:\/\/www.praxis-fuer-mediation.ch\/fr\/mediation\/comment-fonctionne-la-mediation\/#breadcrumb","itemListElement":[{"@type":"ListItem","position":1,"name":"Startseite","item":"https:\/\/www.praxis-fuer-mediation.ch\/fr\/"},{"@type":"ListItem","position":2,"name":"Mediation","item":"https:\/\/www.praxis-fuer-mediation.ch\/fr\/mediation\/"},{"@type":"ListItem","position":3,"name":"Comment fonctionne la m\u00e9diation ?"}]},{"@type":"WebSite","@id":"https:\/\/www.praxis-fuer-mediation.ch\/fr\/#website","url":"https:\/\/www.praxis-fuer-mediation.ch\/fr\/","name":"Bieler Praxis f\u00fcr Mediation","description":"","potentialAction":[{"@type":"SearchAction","target":{"@type":"EntryPoint","urlTemplate":"https:\/\/www.praxis-fuer-mediation.ch\/fr\/?s={search_term_string}"},"query-input":{"@type":"PropertyValueSpecification","valueRequired":true,"valueName":"search_term_string"}}],"inLanguage":"fr-FR"}]}},"_links":{"self":[{"href":"https:\/\/www.praxis-fuer-mediation.ch\/fr\/wp-json\/wp\/v2\/pages\/852"}],"collection":[{"href":"https:\/\/www.praxis-fuer-mediation.ch\/fr\/wp-json\/wp\/v2\/pages"}],"about":[{"href":"https:\/\/www.praxis-fuer-mediation.ch\/fr\/wp-json\/wp\/v2\/types\/page"}],"author":[{"embeddable":true,"href":"https:\/\/www.praxis-fuer-mediation.ch\/fr\/wp-json\/wp\/v2\/users\/1"}],"replies":[{"embeddable":true,"href":"https:\/\/www.praxis-fuer-mediation.ch\/fr\/wp-json\/wp\/v2\/comments?post=852"}],"version-history":[{"count":5,"href":"https:\/\/www.praxis-fuer-mediation.ch\/fr\/wp-json\/wp\/v2\/pages\/852\/revisions"}],"predecessor-version":[{"id":1122,"href":"https:\/\/www.praxis-fuer-mediation.ch\/fr\/wp-json\/wp\/v2\/pages\/852\/revisions\/1122"}],"up":[{"embeddable":true,"href":"https:\/\/www.praxis-fuer-mediation.ch\/fr\/wp-json\/wp\/v2\/pages\/834"}],"wp:attachment":[{"href":"https:\/\/www.praxis-fuer-mediation.ch\/fr\/wp-json\/wp\/v2\/media?parent=852"}],"curies":[{"name":"wp","href":"https:\/\/api.w.org\/{rel}","templated":true}]}}

Comment fonctionne la médiation ?

<p>[vc_row][vc_column][vc_column_text]</p>
<h1>Comment fonctionne la médiation ?</h1>
<p>[/vc_column_text][vc_column_text]La démarche de la médiation permet de passer d’une situation de conflit non résolu à une solution commune en passant par différentes étapes :[/vc_column_text][/vc_column][/vc_row][vc_row][vc_column width= »1/2&Prime;][vc_single_image image= »510&Prime; img_size= »full » el_class= »comicmediatimg »][/vc_column][vc_column width= »1/2&Prime;][vc_column_text]</p>
<h3>Mise au point des conditions cadres</h3>
<p>Informations concernant les règles de la médiation.<br />
Les parties sont-elles d’accord avec ce procédé ?<br />
Information concernant les frais de la médiation.<br />
Contrat de médiation entre les parties concernées et l’équipe de médiation.[/vc_column_text][/vc_column][/vc_row][vc_row][vc_column width= »1/2&Prime;][vc_single_image image= »511&Prime; img_size= »full » el_class= »comicmediatimg »][/vc_column][vc_column width= »1/2&Prime;][vc_column_text]</p>
<h3>Thèmes</h3>
<p>Récolte des thèmes de conflit qu’il convient de traiter.[/vc_column_text][vc_column_text]</p>
<h3>Détermination des besoins</h3>
<p>Faire ressortir les besoins et les intérêts des parties.<br />
Les parties sont-elles en mesure de comprendre les besoins et les motivations de l’autre partie ?[/vc_column_text][/vc_column][/vc_row][vc_row][vc_column width= »1/2&Prime;][vc_single_image image= »512&Prime; img_size= »full » el_class= »comicmediatimg »][/vc_column][vc_column width= »1/2&Prime;][vc_column_text]</p>
<h3>Ébauches de solution</h3>
<p>Les idées pour une solution possible sont formulées. Options ?<br />
Ébauches de solution créatives ?[/vc_column_text][vc_column_text]</p>
<h3>Négociation et contrôle</h3>
<p>Négociation de solutions provisoires. Contrôle de faisabilité.<br />
Les solutions sont-elles adaptées de façon correcte aux besoins et aux intérêts des parties ?[/vc_column_text][/vc_column][/vc_row][vc_row][vc_column width= »1/2&Prime;][vc_single_image image= »513&Prime; img_size= »full » el_class= »comicmediatimg »][/vc_column][vc_column width= »1/2&Prime;][vc_column_text]</p>
<h3>Convention</h3>
<p>Formulation d’une convention contraignante.[/vc_column_text][/vc_column][/vc_row][vc_row][vc_column][vc_empty_space height= »100px »][/vc_column][/vc_row]</p>

<p>[vc_row][vc_column][vc_column_text] Comment fonctionne la médiation ? [/vc_column_text][vc_column_text]La démarche de la médiation permet de passer d’une situation de conflit non résolu à une solution commune en passant par différentes étapes :[/vc_column_text][/vc_column][/vc_row][vc_row][vc_column width= »1/2&Prime;][vc_single_image image= »510&Prime; img_size= »full » el_class= »comicmediatimg »][/vc_column][vc_column width= »1/2&Prime;][vc_column_text] Mise au point des conditions cadres Informations concernant les règles de la médiation. Les parties sont-elles d’accord avec ce procédé [&hellip;]</p>

<!-- This site is optimized with the Yoast SEO plugin v23.9 - https://yoast.com/wordpress/plugins/seo/ -->
<title>Comment fonctionne la médiation ? - Centre biennois de médiation - Biel/Bienne</title>
<meta name="robots" content="index, follow, max-snippet:-1, max-image-preview:large, max-video-preview:-1" />
<link rel="canonical" href="https://www.praxis-fuer-mediation.ch/fr/mediation/comment-fonctionne-la-mediation/" />
<meta property="og:locale" content="fr_FR" />
<meta property="og:type" content="article" />
<meta property="og:title" content="Comment fonctionne la médiation ? - Centre biennois de médiation - Biel/Bienne" />
<meta property="og:description" content="[vc_row][vc_column][vc_column_text] Comment fonctionne la médiation ? [/vc_column_text][vc_column_text]La démarche de la médiation permet de passer d’une situation de conflit non résolu à une solution commune en passant par différentes étapes :[/vc_column_text][/vc_column][/vc_row][vc_row][vc_column width= »1/2&Prime;][vc_single_image image= »510&Prime; img_size= »full » el_class= »comicmediatimg »][/vc_column][vc_column width= »1/2&Prime;][vc_column_text] Mise au point des conditions cadres Informations concernant les règles de la médiation. Les parties sont-elles d’accord avec ce procédé [&hellip;]" />
<meta property="og:url" content="https://www.praxis-fuer-mediation.ch/fr/mediation/comment-fonctionne-la-mediation/" />
<meta property="og:site_name" content="Bieler Praxis für Mediation" />
<meta property="article:modified_time" content="2021-07-16T10:04:33+00:00" />
<meta name="twitter:card" content="summary_large_image" />
<meta name="twitter:label1" content="Durée de lecture estimée" />
	<meta name="twitter:data1" content="1 minute" />
<script type="application/ld+json" class="yoast-schema-graph">{"@context":"https://schema.org","@graph":[{"@type":"WebPage","@id":"https://www.praxis-fuer-mediation.ch/fr/mediation/comment-fonctionne-la-mediation/","url":"https://www.praxis-fuer-mediation.ch/fr/mediation/comment-fonctionne-la-mediation/","name":"Comment fonctionne la médiation ? - Centre biennois de médiation - Biel/Bienne","isPartOf":{"@id":"https://www.praxis-fuer-mediation.ch/fr/#website"},"datePublished":"2021-06-07T09:48:48+00:00","dateModified":"2021-07-16T10:04:33+00:00","breadcrumb":{"@id":"https://www.praxis-fuer-mediation.ch/fr/mediation/comment-fonctionne-la-mediation/#breadcrumb"},"inLanguage":"fr-FR","potentialAction":[{"@type":"ReadAction","target":["https://www.praxis-fuer-mediation.ch/fr/mediation/comment-fonctionne-la-mediation/"]}]},{"@type":"BreadcrumbList","@id":"https://www.praxis-fuer-mediation.ch/fr/mediation/comment-fonctionne-la-mediation/#breadcrumb","itemListElement":[{"@type":"ListItem","position":1,"name":"Startseite","item":"https://www.praxis-fuer-mediation.ch/fr/"},{"@type":"ListItem","position":2,"name":"Mediation","item":"https://www.praxis-fuer-mediation.ch/fr/mediation/"},{"@type":"ListItem","position":3,"name":"Comment fonctionne la médiation ?"}]},{"@type":"WebSite","@id":"https://www.praxis-fuer-mediation.ch/fr/#website","url":"https://www.praxis-fuer-mediation.ch/fr/","name":"Bieler Praxis für Mediation","description":"","potentialAction":[{"@type":"SearchAction","target":{"@type":"EntryPoint","urlTemplate":"https://www.praxis-fuer-mediation.ch/fr/?s={search_term_string}"},"query-input":{"@type":"PropertyValueSpecification","valueRequired":true,"valueName":"search_term_string"}}],"inLanguage":"fr-FR"}]}</script>
<!-- / Yoast SEO plugin. -->

Comment fonctionne la médiation ? - Centre biennois de médiation - Biel/Bienne

[vc_row][vc_column][vc_column_text] Comment fonctionne la médiation ? [/vc_column_text][vc_column_text]La démarche de la médiation permet de passer d’une situation de conflit non résolu à une solution commune en passant par différentes étapes :[/vc_column_text][/vc_column][/vc_row][vc_row][vc_column width= »1/2&Prime;][vc_single_image image= »510&Prime; img_size= »full » el_class= »comicmediatimg »][/vc_column][vc_column width= »1/2&Prime;][vc_column_text] Mise au point des conditions cadres Informations concernant les règles de la médiation. Les parties sont-elles d’accord avec ce procédé [&hellip;]

Bieler Praxis für Mediation
